 -l. What are the prime factors of a?
2, 17
Let i = -39 - -55. Let p be (i/6 + -1)/(15/(-675)). Let n = p + 242. List the prime factors of n.
167
Suppose -1259*c + 1271*c = 171312. List the prime factors of c.
2, 43, 83
Let z be (-3*5/(-15))/((-7)/(-28)). Suppose -5*l - 17 = -47. Suppose z*y = l*y - 94. List the prime factors of y.
47
Suppose 33*u - 24441 = 8889. Let r = u - -2. List the prime factors of r.
2, 11, 23
Let v(q) = -16*q**3 - 11*q**2 - 22*q + 93. List the prime factors of v(-9).
2, 3, 461
Suppose j - 20 = -4*m, -4*j = m - 4*m - 137. Let f be 24/j - 25/(-4). Suppose -3*q = z - 36, z + 3*q = f*q + 29. What are the prime factors of z?
3, 11
Suppose 0 = -9*c - c - 70. Let b(i) = -43*i - 46. What are the prime factors of b(c)?
3, 5, 17
Suppose -3*j = -73 + 1. Suppose -j*w + 211 = -23*w. Suppose 4*r = -3*u + w + 116, r + 5*u = 69. List the prime factors of r.
2, 3, 7
Let z(q) = q**3 + 15*q**2 + 27*q + 18. Let n be z(-13). Suppose 2*m + 2*s = -0*s + 6, -s + 35 = n*m. List the prime factors of 1425/27 - m/(-36).
53
Suppose -6*k + 107 - 17 = 0. List the prime factors of 398 - ((-58)/k + (-6)/45).
2, 3, 67
Let t(d) = -2662*d - 4951. What are the prime factors of t(-11)?
29, 839
Suppose -14*n + 90 = 4*n. Suppose 732 = 11*m - n*m. What are the prime factors of m?
2, 61
Suppose 830*q = 808*q + 111650. What are the prime factors of q?
5, 7, 29
Suppose -80*f + 18*f = -104346. List the prime factors of f.
3, 11, 17
Let l be ((-8)/12)/((-6)/27). Suppose -u + 1451 = 3*k - 0*k, 2*u + 1436 = l*k. Suppose 37 = -5*m + k. List the prime factors of m.
89
Let b = 37 - 41. Let j be 0/((-1)/4*b). Suppose 4*x + j*t + 3*t - 432 = 0, -3*t - 123 = -x. List the prime factors of x.
3, 37
Suppose -14*p + 10*p = -56. Let r be 3/1 - (-6 - 3). What are the prime factors of 3*((-104)/p)/(r/(-28))?
2, 13
Let w = 5645 - -9416. What are the prime factors of w?
15061
Suppose 338 = 16*u - 14*u. Suppose -71 = v - 0*v. Let k = u + v. What are the prime factors of k?
2, 7
Let k(h) = h**3 + 3*h**2 + 25. Let t be k(-4). Suppose 0 = 10*o + t*o - 1843. What are the prime factors of o?
97
Let c(w) be the third derivative of -w**6/60 + w**5/60 + w**3 + 11*w**2. Let m(v) = -5*v + 22. Let l be m(5). List the prime factors of c(l).
3, 23
List the prime factors of ((-36)/(-6) - 11)/(2/(-1970)).
5, 197
Let i be ((3 - 4 - -2)/1)/(-1). Let o be (-4 + 0)/i + -6. Let w(d) = -57*d - 6. List the prime factors of w(o).
2, 3
Suppose -3*w = -0*w - x - 82846, 2*w - 55222 = 5*x. Suppose 2*d + w = 34*d. List the prime factors of d.
863
Let x = -9 - -9. Suppose 8*h - h - 497 = x. Suppose f - 2*f + h = 0. List the prime factors of f.
71
List the prime factors of ((-2246)/24 - 1/(16/12))*-108.
2, 3, 283
Suppose x - 134*h - 75552 = -136*h, -4*x - 5*h = -302184. What are the prime factors of x?
2, 4721
What are the prime factors of 2115/235 - (-933 - 1)?
23, 41
Suppose 196*v - 195*v - 8409 = 0. What are the prime factors of v?
3, 2803
Suppose -4*u + j - 3 = -5*u, -5*j = u + 17. Suppose k = 5*k + u. Let f(t) = -7*t**3 - 5*t**2 + 1. List the prime factors of f(k).
37
Let p(q) = 5*q + 19. Suppose 0*t + 3*t = -15. Let d be p(t). What are the prime factors of (-46 - (2 + d))/((-6)/28)?
2, 7
Let y(w) = -33*w**3 + 9*w**2 - 9*w - 2. List the prime factors of y(-6).
2, 7, 67
Let p be (-6)/(-4)*(-884)/(-51). Suppose -2*m = -p - 28. Suppose -q + m = -137. What are the prime factors of q?
2, 41
Let f(o) = 8*o**3 - 16*o**2 - 2*o - 2. Suppose -5*b + 9 = -8*b, -3*s + 4*b = -24. What are the prime factors of f(s)?
2, 3, 41
Suppose 7*t - 8*t + 14634 = 2*b, -5*b = 3*t - 36584. What are the prime factors of b?
2, 3659
Let z = -52235 + 101919. List the prime factors of z.
2, 12421
Suppose -2*h + 173 = -3*j, 2*j + 36 = 2*h - 78. Let z be 6/(-8) - (-130)/(-8). Let m = z - j. What are the prime factors of m?
2, 3, 7
Let k(l) = -213*l**2 + 17*l + 270. Let i be k(-9). List the prime factors of (i/27)/((-8)/12).
2, 7, 17
Let d = 51 - 46. Let v(l) = -31 - d*l + 5 - 8*l. List the prime factors of v(-7).
5, 13
Suppose -r - 3*t + 167 = -2*r, 0 = 4*r - 5*t + 654. Let c = r - -314. Suppose 4*a + 2*q - c = 3*a, 4*q = -a + 151. List the prime factors of a.
5, 31
Suppose -4*o = -8*o + 324. Let b be (-1 - -10)/((-3)/(-9)). Let t = o - b. What are the prime factors of t?
2, 3
Let q be (300/18)/(4 + 5658/(-1413)). Let y = -2312 - q. List the prime factors of y.
1613
Let o(x) = 4*x**2 + 21*x - 72. Let r be o(11). Let m = r - 303. What are the prime factors of m?
2, 5, 17
Let x(a) = a**2 + 11*a + 5. Let i be x(-5). Let n = -19 - i. What are the prime factors of 2/n - (227/(-3) - -2)?
2, 37
Suppose 38811 = 5*a + 2*k, 4*a + 22*k - 18*k = 31056. What are the prime factors of a?
3, 13, 199
Let c(n) = 2*n**2 + 8*n + 2789. List the prime factors of c(-69).
11, 1069
Let o be (-15*(-50)/30)/(0 - -1). Suppose -o = -5*y, -13*x = -15*x - y + 2317. What are the prime factors of x?
2, 17
Let m(x) = 273*x + 14. What are the prime factors of m(17)?
5, 7, 19
Let o = -4754 + 13705. What are the prime factors of o?
8951
Suppose -213*s - 463313 + 1954975 = -214468. What are the prime factors of s?
2, 3, 5, 89
Suppose -201*q = -206*q. Suppose 0 = -q*m + 28*m - 3108. What are the prime factors of m?
3, 37
Let q(i) be the third derivative of i**6/120 - 2*i**5/15 + 11*i**4/24 + i**3/2 - 17*i**2. Let r be q(6). What are the prime factors of (-6 + -3)*(r - (5 - 3))?
3, 5
Let o be (4/10)/((-210742)/(-23415) + -9). Let y = -607 + o. What are the prime factors of y?
17, 43
Suppose 5*g - 90 = 5*u, -4*g = 5*u - g + 130. Let a(y) = 61 - 56 + y**2 + 30*y - 9*y. What are the prime factors of a(u)?
3, 17
Suppose -3*r + 59*r - 203336 = 0. What are the prime factors of r?
3631
What are the prime factors of 8947*(-6 - (12 + -19))?
23, 389
Let k = 7076 + 25941. List the prime factors of k.
137, 241
Let x(t) = 3050*t + 161. List the prime factors of x(4).
47, 263
Suppose 41*b + 7022 - 527943 = 3756. What are the prime factors of b?
67, 191
Suppose 67*b - 65*b = -24. What are the prime factors of ((-255)/b)/(6/96)?
2, 5, 17
Let u = 2256 + 1836. What are the prime factors of u?
2, 3, 11, 31
Suppose 0 = 20*p - 139037 - 226063. What are the prime factors of p?
3, 5, 1217
Suppose -5*o - 2*k + 329 = 0, 3*k = -0*o + 5*o - 319. Let q(w) = 26*w**2 + w. Let l be q(-1). Let s = o + l. What are the prime factors of s?
2, 3, 5
Let a(y) = -y - 3. Let j be a(-3). Suppose f + 2*v - 328 = j, 3*f + 5*v = -f + 1297. List the prime factors of f.
2, 3, 53
Suppose j - 2*g = -3*j + 17252, 4*j - g = 17258. What are the prime factors of j?
2, 13, 83
Let a = 3347 + -2339. Let m = -637 + a. List the prime factors of m.
7, 53
Let o(v) = 3*v**2 + 4*v + 14. Suppose 0 = 4*y - 3*l + 58 - 7, -y - 24 = -3*l. List the prime factors of o(y).
13, 17
Let w be 5/45 - (-5)/(-45). Suppose 0 = -5*s, -s - 1908 = -2*j - w*s. List the prime factors of j.
2, 3, 53
Suppose 12*w - 189 = 3*w. Let n(a) = 27 - 8*a - 11*a + w*a. What are the prime factors of n(16)?
59
Let d(f) = -f**2 + 9*f + 2. Let u be d(9). Suppose 4*r - u*h = 90, 45 + 15 = 3*r + h. Suppose r*j = 23*j - 82. List the prime factors of j.
41
Let g(f) = -56*f + 786. What are the prime factors of g(-57)?
2, 3, 13, 17
Suppose 3*t = -2*k + 40210, -3*k - 3*t = -7*k + 80366. What are the prime factors of k?
2, 157
Suppose 4806 = 3*i - 5*r, 11*i + 4797 = 14*i - 2*r. What are the prime factors of i?
1597
List the prime factors of ((94337/(-145))/((-2)/(-10)))/(-1).
3253
Let x(p) = 171*p + 394. What are the prime factors of x(28)?
2, 2591
Suppose t - 4*h + 188 = 0, -3*t + 4*h + 820 = -8*t. Let i = t + 486. List the prime factors of i.
2, 3, 53
Let b be 0 + 2/(-2) - 10. Let d = 1449 + -1476. Let c = b - d. What are the prime factors of c?
2
What are the prime factors of ((-9)/12)/((-63)/450492)?
31, 173
Let c = 16311 - -8269. What are the prime factors of c?
2, 5, 1229
Suppose 0 = -6*z + 3625 + 3323. Let f = -786 + z. List the prime factors of f.
2, 3, 31
Let k be (1 + 3/(-2))/((-3)/(-24)). Let n be 4*4 + (3 - k - 10). List the prime factors of 513/2 - ((-156)/8)/n.
2, 3, 43
What are the prime factors of ((-405)/(-6) + -5)*((4 - 3) + 141)?
5, 71
Let q = 82912 - 28752. What are the prime factors of q?
2, 5, 677
Let c(u) = u**3 - 16*u**2 + 18*u - 30. Let m be c(13). Let o